it of 218201471?
1
What is the units digit of 46230591?
1
What is the thousands digit of 507596788?
6
What is the hundred millions digit of 3520990258?
5
What is the hundred thousands digit of 19494653?
4
What is the tens digit of 328084780?
8
What is the tens digit of 194391541?
4
What is the millions digit of 2693056427?
3
What is the tens digit of 433571699?
9
What is the ten millions digit of 565622646?
6
What is the hundred millions digit of 519118619?
5
What is the hundreds digit of 3513337897?
8
What is the units digit of 83628488?
8
What is the millions digit of 315522813?
5
What is the millions digit of 6130395772?
0
What is the ten thousands digit of 553672303?
7
What is the hundred millions digit of 2354595960?
3
What is the units digit of 17854344?
4
What is the hundred thousands digit of 19277982?
2
What is the hundred thousands digit of 15321605?
3
What is the thousands digit of 23654852?
4
What is the hundred thousands digit of 65704381?
7
What is the units digit of 42223378?
8
What is the hundreds digit of 55631853?
8
What is the ten thousands digit of 22037870?
3
What is the tens digit of 47022183?
8
What is the hundreds digit of 65536650?
6
What is the tens digit of 166836546?
4
What is the units digit of 2621838897?
7
What is the ten thousands digit of 5424955597?
5
What is the ten thousands digit of 90839128?
3
What is the hundreds digit of 103288017?
0
What is the billions digit of 1510605801?
1
What is the tens digit of 101729661?
6
What is the ten millions digit of 64424454?
6
What is the hundreds digit of 645249415?
4
What is the ten millions digit of 225833229?
2
What is the hundred thousands digit of 858449328?
4
What is the hundred thousands digit of 7472975?
4
What is the units digit of 270329355?
5
What is the ten thousands digit of 99256356?
5
What is the hundreds digit of 4157428?
4
What is the units digit of 1320517036?
6
What is the units digit of 999473677?
7
What is the hundred thousands digit of 104465816?
4
What is the hundred millions digit of 114404214?
1
What is the thousands digit of 18345863?
5
What is the hundred thousands digit of 2233535586?
5
What is the units digit of 776884949?
9
What is the ten thousands digit of 1237359364?
5
What is the millions digit of 35741493?
5
What is the thousands digit of 70042236?
2
What is the tens digit of 666012732?
3
What is the units digit of 1027481713?
3
What is the hundreds digit of 109806374?
3
What is the millions digit of 242183947?
2
What is the tens digit of 170163686?
8
What is the ten millions digit of 72457923?
7
What is the hundreds digit of 26944016?
0
What is the ten thousands digit of 47784690?
8
What is the millions digit of 1687340?
1
What is the units digit of 422718721?
1
What is the tens digit of 5513365?
6
What is the ten millions digit of 1495430206?
9
What is the ten thousands digit of 47458303?
5
What is the hundred thousands digit of 145811690?
8
What is the thousands digit of 257707525?
7
What is the ten thousands digit of 2131542006?
4
What is the tens digit of 2498155165?
6
What is the ten thousands digit of 200675620?
7
What is the hundreds digit of 147121866?
8
What is the ten millions digit of 50770322?
5
What is the hundred millions digit of 4174106614?
1
What is the hundred thousands digit of 51800704?
8
What is the hundreds digit of 101230692?
6
What is the hundreds digit of 1209641171?
1
What is the hundred millions digit of 4731601728?
7
What is the tens digit of 3784904382?
8
What is the hundred thousands digit of 146197888?
1
What is the hundreds digit of 2442388377?
3
What is the hundred millions digit of 168542312?
1
What is the units digit of 13676772?
2
What is the millions digit of 3763607255?
3
What is the hundreds digit of 113873075?
0
What is the ten thousands digit of 2123482?
2
What is the units digit of 62351257?
7
What is the tens digit of 508331940?
4
What is the thousands digit of 45482430?
2
What is the hundred millions digit of 463489734?
4
What is the millions digit of 224121206?
4
What is the hundreds digit of 54413937?
9
What is the tens digit of 124465153?
5
What is the billions digit of 1720513785?
1
What is the thousands digit of 1929675806?
5
What is the hundreds digit of 193955539?
5
What is the billions digit of 2325291860?
2
What is the hundred thousands digit of 56681534?
6
What is the units digit of 212352575?
5
What is the millions digit of 40687190?
0
What is the thousands digit of 2541325912?
5
What is the ten thousands digit of 84301730?
0
What is the thousands digit of 1559218294?
8
What is the hundred thousands digit of 608015707?
0
What is the hundreds digit of 98830254?
2
What is the hundreds digit of 2327916959?
9
What is the ten millions digit of 200057633?
0
What is the units digit of 1296798185?
5
What is the millions digit of 431360192?
1
What is the hundreds digit of 4187872406?
4
What is the millions digit of 135367552?
5
What is the millions digit of 45164577?
5
What is the units digit of 133571696?
6
What is the hundred thousands digit of 368822303?
8
What is the thousands digit of 267052678?
2
What is the units digit of 2246441529?
9
What is the units digit of 619177225?
5
What is the ten thousands digit of 374995676?
9
What is the ten thousands digit of 463676834?
7
What is the ten thousands digit of 89644115?
4
What is the ten thousands digit of 43916246?
1
What is the ten millions digit of 2767634726?
6
What is the ten millions digit of 1125455639?
2
What is the ten millions digit of 287980584?
8
What is the hundred thousands digit of 35452133?
4
What is the thousands digit of 131661079?
1
What is the ten millions digit of 348847213?
4
What is the hundred thousands digit of 129994439?
9
What is the hundred millions digit of 3578004190?
5
What is the hundreds digit of 62488429?
4
What is the millions digit of 678328941?
8
What is the millions digit of 472185808?
2
What is the hundred millions digit of 2061911823?
0
What is the thousands digit of 1198905455?
5
What is the hundred thousands digit of 1492779861?
7
What is the hundred thousands digit of 224842969?
8
What is the millions digit of 191291224?
1
What is the tens digit of 3478524329?
2
What is the millions digit of 108940197?
8
What is the hundred thousands digit of 1422313756?
3
What is the hundred thousands digit of 1703413744?
4
What is the tens digit of 4762087844?
4
What is the units digit of 31294938?
8
What is the hundreds digit of 333130311?
3
What is the millions digit of 1252396870?
2
What is the billions digit of 6553872414?
6
What is the hundreds digit of 635653598?
5
What is the billions digit of 3936979858?
3
What is the tens digit of 421339679?
7
What is the hundred thousands digit of 414494369?
4
What is the tens digit of 677203472?
7
What is the ten millions digit of 1035257353?
3
What is the billions digit of 1092337020?
1
What is the units digit of 222203308?
8
What is the thousands digit of 36678187?
8
What is the tens digit of 147015530?
3
What is the hundreds digit of 429921679?
6
What is the tens digit of 452817159?
5
What is the ten millions digit of 60232529?
6
What is the millions digit of 413906974?
3
What is the hundred thousands digit of 93672651?
6
What is the tens digit of 350070768?
6
What is the hundred millions digit of 260264596?
2
What is the ten thousands digit of 172861791?
6
What is the tens digit of 4991181355?
5
What is the millions digit of 294641715?
4
What is the tens digit of 96872163?
6
What is the thousands digit of 66367544?
7
What is the units digit of 790486778?
8
What is the millions digit of 82326827?
2
What is the hundreds digit of 991664437?
4
What is the hundred thousands digit of 323250534?
2
What is the tens digit of 16335730?
3
What is the hundreds digit of 2357358543?
5
What is the hundreds digit of 150807346?
3
What is the ten millions digit of 38359497?
3
What is the ten thousands digit of 507568013?
6
What is the units digit of 78666829?
9
What is the ten thousands digit of 1137554084?
5
What is the thousands digit of 153419433?
9
What is the thousands digit of 178301258?
1
What is the hundreds digit of 53137824?
8
What is the billions digit of 1444023307?
1
What is the units digit of 174514316?
6
What is the thousands digit of 162540495?
0
What is the te